me factors of 7204.
2, 1801
What are the prime factors of 14117?
19, 743
List the prime factors of 2088.
2, 3, 29
List the prime factors of 22640.
2, 5, 283
List the prime factors of 7108.
2, 1777
What are the prime factors of 3686?
2, 19, 97
List the prime factors of 867.
3, 17
What are the prime factors of 5810?
2, 5, 7, 83
What are the prime factors of 307?
307
List the prime factors of 12.
2, 3
List the prime factors of 10873.
83, 131
What are the prime factors of 4555?
5, 911
List the prime factors of 38156.
2, 9539
What are the prime factors of 35118?
2, 3, 1951
What are the prime factors of 2441?
2441
List the prime factors of 124228.
2, 13, 2389
What are the prime factors of 3463?
3463
What are the prime factors of 1006?
2, 503
List the prime factors of 90885.
3, 5, 73, 83
What are the prime factors of 17795?
5, 3559
What are the prime factors of 2618?
2, 7, 11, 17
List the prime factors of 185.
5, 37
What are the prime factors of 18123?
3, 7, 863
What are the prime factors of 12920?
2, 5, 17, 19
List the prime factors of 2073.
3, 691
What are the prime factors of 10827?
3, 401
List the prime factors of 34448.
2, 2153
What are the prime factors of 82152?
2, 3, 7, 163
List the prime factors of 2183.
37, 59
What are the prime factors of 97140?
2, 3, 5, 1619
What are the prime factors of 274?
2, 137
List the prime factors of 5501.
5501
List the prime factors of 12893.
12893
List the prime factors of 32050.
2, 5, 641
List the prime factors of 12040.
2, 5, 7, 43
List the prime factors of 44373.
3, 7, 2113
List the prime factors of 1831.
1831
What are the prime factors of 242?
2, 11
List the prime factors of 18456.
2, 3, 769
List the prime factors of 1784.
2, 223
List the prime factors of 5479.
5479
List the prime factors of 377.
13, 29
What are the prime factors of 6885?
3, 5, 17
What are the prime factors of 2313?
3, 257
What are the prime factors of 14726?
2, 37, 199
What are the prime factors of 24644?
2, 61, 101
What are the prime factors of 67891?
67891
What are the prime factors of 6125?
5, 7
What are the prime factors of 32152?
2, 4019
What are the prime factors of 197?
197
What are the prime factors of 93558?
2, 3, 31, 503
List the prime factors of 1424.
2, 89
What are the prime factors of 9253?
19, 487
List the prime factors of 84806.
2, 42403
List the prime factors of 995.
5, 199
What are the prime factors of 1355?
5, 271
List the prime factors of 46200.
2, 3, 5, 7, 11
What are the prime factors of 18415?
5, 29, 127
What are the prime factors of 70699?
19, 61
List the prime factors of 21319.
21319
List the prime factors of 45425.
5, 23, 79
List the prime factors of 38309.
29, 1321
What are the prime factors of 15049?
101, 149
List the prime factors of 4108.
2, 13, 79
List the prime factors of 103.
103
List the prime factors of 1221.
3, 11, 37
What are the prime factors of 8814?
2, 3, 13, 113
What are the prime factors of 128730?
2, 3, 5, 7, 613
List the prime factors of 5826.
2, 3, 971
List the prime factors of 1414.
2, 7, 101
List the prime factors of 69923.
7, 1427
What are the prime factors of 168331?
168331
What are the prime factors of 543?
3, 181
List the prime factors of 1758.
2, 3, 293
List the prime factors of 957.
3, 11, 29
What are the prime factors of 3509?
11, 29
What are the prime factors of 394?
2, 197
List the prime factors of 5833.
19, 307
What are the prime factors of 132869?
11, 47, 257
What are the prime factors of 17910?
2, 3, 5, 199
List the prime factors of 19191.
3, 6397
List the prime factors of 27519.
3, 9173
What are the prime factors of 2029?
2029
List the prime factors of 4829.
11, 439
List the prime factors of 5171.
5171
List the prime factors of 3050.
2, 5, 61
What are the prime factors of 64955?
5, 11, 1181
List the prime factors of 197.
197
List the prime factors of 2554.
2, 1277
What are the prime factors of 41778?
2, 3, 11, 211
What are the prime factors of 20063?
20063
List the prime factors of 97172.
2, 17, 1429
What are the prime factors of 69931?
69931
List the prime factors of 16455.
3, 5, 1097
What are the prime factors of 875?
5, 7
List the prime factors of 14688.
2, 3, 17
List the prime factors of 84199.
84199
List the prime factors of 1406.
2, 19, 37
What are the prime factors of 2578?
2, 1289
What are the prime factors of 14747?
14747
List the prime factors of 2541.
3, 7, 11
What are the prime factors of 9839?
9839
List the prime factors of 1904.
2, 7, 17
What are the prime factors of 70726?
2, 35363
What are the prime factors of 2560?
2, 5
What are the prime factors of 98507?
98507
List the prime factors of 1298.
2, 11, 59
What are the prime factors of 543?
3, 181
List the prime factors of 8492.
2, 11, 193
List the prime factors of 717.
3, 239
What are the prime factors of 15541?
15541
List the prime factors of 23866.
2, 11933
What are the prime factors of 21713?
21713
What are the prime factors of 1462?
2, 17, 43
What are the prime factors of 1183?
7, 13
List the prime factors of 85499.
193, 443
What are the prime factors of 127?
127
What are the prime factors of 10587?
3, 3529
What are the prime factors of 2591?
2591
What are the prime factors of 287?
7, 41
What are the prime factors of 14226?
2, 3, 2371
List the prime factors of 28193.
11, 233
List the prime factors of 21448.
2, 7, 383
List the prime factors of 2632.
2, 7, 47
What are the prime factors of 74075?
5, 2963
List the prime factors of 628.
2, 157
List the prime factors of 7292.
2, 1823
List the prime factors of 14730.
2, 3, 5, 491
List the prime factors of 2814.
2, 3, 7, 67
List the prime factors of 1700.
2, 5, 17
What are the prime factors of 12524?
2, 31, 101
What are the prime factors of 5871?
3, 19, 103
List the prime factors of 8424.
2, 3, 13
What are the prime factors of 5769?
3, 641
List the prime factors of 192369.
3, 64123
What are the prime factors of 2048?
2
List the prime factors of 1847.
1847
List the prime factors of 17191.
17191
List the prime factors of 2084.
2, 521
List the prime factors of 1587.
3, 23
What are the prime factors of 68664?
2, 3, 2861
What are the prime factors of 33303?
3, 17, 653
What are the prime factors of 138212?
2, 109, 317
What are the prime factors of 4968?
2, 3, 23
What are the prime factors of 70245?
3, 5, 7, 223
What are the prime factors of 1015?
5, 7, 29
What are the prime factors of 2200?
2, 5, 11
What are the prime factors of 75?
3, 5
List the prime factors of 768.
2, 3
What are the prime factors of 4436?
2, 1109
What are the prime factors of 1011?
3, 337
List the prime factors of 6223.
7, 127
What are the prime factors of 125?
5
List the prime factors of 3079.
3079
List the prime factors of 2833.
2833
List the prime factors of 1497.
3, 499
List the prime factors of 2867.
47, 61
What are the prime factors of 4513?
4513
What are the prime factors of 443?
443
List the prime factors of 18783.
3, 2087
List the prime factors of 3265.
5, 653
List the prime factors of 81891.
3, 337
List the prime factors of 374.
2, 11, 17
What are the prime factors of 847?
7, 11
List the prime factors of 12.
2, 3
What are the prime factors of 141871?
141871
What are the prime factors of 5040?
2, 3, 5, 7
List the prime factors of 16939.
13, 1303
List the prime factors of 203298.
2, 3, 31, 1093
List the prime factors of 1477.
7, 211
What are the prime factors of 17578?
2, 11, 17, 47
List the prime factors of 8592.
2, 3, 179
List the prime factors of 1078.
2, 7, 11
What are the prime factors of 4208?
2, 263
What are the prime factors of 37840?
2, 5, 11, 43
What are the prime factors of 893?
19, 47
List the prime factors of 10779.
3, 3593
What are the prime factors of 1731?
3, 577
What are the prime factors of 5773?
23, 251
List the prime factors of 1838.
2, 919
What are the prime factors of 3817?
11, 347
What are the prime factors of 1355?
5, 271
What are the prime factors of 1234?
2, 617
List the prime factors of 646.
2, 17, 19
List the prime factors of 9182.
2, 4591
List the prime factors of 29309.
7, 53, 79
List the prime factors of 10180.
2, 5, 509
What are the prime factors of 332?
2, 83
What are the prime factors of 920?
2, 5, 23
List the prime factors of 22841.
7, 13, 251
What are the prime factors of 21658?
2, 7, 13, 17
List the prime factors of 2618.
2, 7, 11, 17
What are the prime facto